708247
Convert -28634 (base 13) to base 16.
-127eb
-45a25 (base 11) to base 13
-24330
What is -103140000 (base 5) in base 2?
-1101100001011110101
Convert 13111001003 (base 4) to base 7.
22220564
What is 498004 (base 15) in base 4?
31123122001
What is -7ec48e (base 16) in base 15?
-ae18be
-301741 (base 8) to base 5
-11134142
Convert -478c0 (base 14) to base 7.
-1325030
-10101111000111111011 (base 2) to base 3
-1100102221221
What is -21410241 (base 5) in base 10?
-185071
Convert -54432540 (base 6) to base 10.
-1621932
Convert -15386 (base 13) to base 5.
-2241123
Convert 105310014 (base 6) to base 3.
10122102210101
11000101000101011 (base 2) to base 8
305053
-34a3a (base 11) to base 3
-2120021101
What is -230322032 (base 4) in base 6?
-3535342
Convert c14c0 (base 13) to base 5.
42031021
607178 (base 10) to base 12
253462
20222222210020 (base 3) to base 6
211421523
Convert -1010001011110101101000 (base 2) to base 8.
-12136550
Convert -a55465 (base 16) to base 11.
-6130591
Convert -1000222010000112 (base 3) to base 15.
-1488c2b
-1011011100110110010 (base 2) to base 4
-1123212302
68c62 (base 14) to base 9
427566
Convert -101000101111011010110 (base 2) to base 11.
-832005
Convert 6420972 (base 11) to base 6.
1042141232
-72085 (base 11) to base 16
-19b1a
What is 30123054 (base 7) in base 9?
4620150
Convert 64896b (base 12) to base 2.
110000100011101100011
-144303 (base 7) to base 9
-42276
-1301202332 (base 4) to base 13
-1338cb
Convert 552331 (base 6) to base 10.
45919
Convert -11a75a (base 13) to base 4.
-1213102222
What is -2323241 (base 9) in base 4?
-10302201301
What is 717ae (base 16) in base 4?
1301132232
Convert -107356 (base 9) to base 13.
-23445
What is 376042 (base 8) in base 5?
13130312
What is 2c1c17 (base 13) in base 16?
10a01b
What is -1da72c (base 16) in base 15?
-285c10
What is 1110110101100 (base 3) in base 14?
163080
Convert 22013232 (base 4) to base 3.
2002212100
Convert -44404022 (base 5) to base 10.
-388012
What is -3b962 (base 12) in base 11?
-57059
What is -218387 (base 9) in base 2?
-11111111011111101
Convert -62750 (base 10) to base 16.
-f51e
Convert -77a44b (base 14) to base 3.
-21122100222101
Convert -a9820 (base 11) to base 12.
-78297
1249939 (base 10) to base 8
4611223
What is 311101 (base 8) in base 7?
606140
101370 (base 11) to base 7
1245462
Convert 30311133 (base 5) to base 4.
323230333
Convert -56153055 (base 7) to base 4.
-102200323302
-22a57 (base 16) to base 10
-141911
What is -7871701 (base 10) in base 12?
-2777471
2102012 (base 4) to base 15
2b85
What is 1010001000001100 (base 2) in base 11?
29193
What is -141776 (base 8) in base 7?
-266165
-2005544 (base 6) to base 16
-17188
121224413 (base 5) to base 4
2023103300
-242071 (base 8) to base 12
-40049
Convert 90c86 (base 14) to base 6.
11244034
10122221111110 (base 3) to base 11
1110225
-267cd (base 16) to base 10
-157645
Convert 3010132303 (base 4) to base 3.
1111212221221
-681ab (base 14) to base 6
-5230203
Convert -12043140 (base 5) to base 16.
-1b6a7
Convert 1044020433 (base 5) to base 8.
10705625
What is -7544260 (base 9) in base 13?
-ab8025
-1001013321013 (base 4) to base 13
-36c95b9
-1031553 (base 8) to base 16
-4336b
Convert -7562 (base 10) to base 16.
-1d8a
What is -555212 (base 7) in base 9?
-158215
Convert 1121111002 (base 3) to base 12.
16418
Convert 31210043 (base 6) to base 2.
11011100100010101011
-460451 (base 8) to base 16
-26129
2451628 (base 9) to base 2
101000101011110000100
Convert -10454404 (base 6) to base 16.
-4dc44
28211a (base 11) to base 4
1223322302
What is -33109c (base 13) in base 9?
-2231611
Convert 220001212222220 (base 3) to base 15.
11ca240
Convert 24b197 (base 12) to base 9.
1113777
What is -18465 (base 14) in base 7?
-343355
88579 (base 11) to base 8
372723
Convert 398384 (base 10) to base 2.
1100001010000110000
Convert -558310 (base 9) to base 3.
-121222100100
What is -647271 (base 8) in base 6?
-4351305
-2031201312 (base 5) to base 3
-21211111011100
291848 (base 10) to base 16
47408
-34c571 (base 15) to base 10
-2522356
What is -10111110110011101101000 (base 2) in base 10?
-6252392
45202022 (base 6) to base 3
2120112221112
6280a (base 16) to base 12
1755a2
What is 18396 (base 10) in base 7?
104430
Convert -212351204 (base 6) to base 14.
-6dd2ba
What is -1347604 (base 8) in base 14?
-9cac4
Convert 24bdb (base 15) to base 9.
188068
What is -21402043 (base 5) in base 4?
-231011020
-8206046 (base 9) to base 10
-4374042
What is -32740 (base 8) in base 6?
-143504
-4300431 (base 5) to base 12
-357b3
What is -13420442 (base 5) in base 12?
-68448
Convert 27741 (base 12) to base 9.
82834
Convert -225701 (base 9) to base 15.
-2a1dd
Convert -1a0634 (base 13) to base 8.
-2405050
Convert 42f32 (base 16) to base 8.
1027462
What is c1bb92 (base 13) in base 6?
240400354
Convert -260465 (base 8) to base 10.
-90421
-2432956 (base 11) to base 3
-21222011102010
What is -40448 (base 13) in base 2?
-11100000100100100
What is -8b47c9 (base 14) in base 5?
-2203101233
What is 136640 (base 8) in base 13?
19132
What is -2021321002 (base 4) in base 13?
-16a104
What is -112112211121212 (base 3) in base 10?
-7732229
51032073 (base 8) to base 9
22221622
Convert -205861 (base 9) to base 6.
-2342514
32423543 (base 6) to base 3
1211011101200
50434321 (base 6) to base 9
2627314
26bde3 (base 16) to base 7
30403162
Convert -d9678 (base 15) to base 8.
-2503453
134faf (base 16) to base 15
19eec3
-3032141040 (base 5) to base 9
-12473746
What is -494957 (base 10) in base 12?
-1ba525
3a94 (base 16) to base 10
14996
12310034 (base 5) to base 14
31722
-5310224 (base 7) to base 9
-1176475
Convert 110130333 (base 4) to base 5.
10140100
What is ad8ce (base 16) in base 13?
1bb739
Convert -2740d (base 15) to base 9.
-211484
-96976 (base 10) to base 5
-11100401
19093b8 (base 12) to base 8
23775374
What is 4051189 (base 10) in base 14?
776549
What is -4110031 (base 5) in base 15?
-1497b
-11011100010111101 (base 2) to base 10
-112829
Convert 89731 (base 12) to base 2.
101100100011010101
3962b (base 14) to base 2
100010011101100111
10652521 (base 7) to base 12
392534
-34b66 (base 12) to base 15
-15e8c
What is -2f4fe (base 16) in base 9?
-324742
36012401 (base 7) to base 9
5875778
Convert 1a1a32 (base 15) to base 4.
10312120001
Convert 3a9a86 (base 11) to base 12.
270026
What is -174573 (base 12) in base 14?
-a6571
-101010101100001000 (base 2) to base 4
-222230020
24c9d (base 14) to base 11
61930
Convert -134303304 (base 5) to base 11.
-436a06
What is 11c501 (base 16) in base 2?
100011100010100000001
What is bb8b9 (base 12) in base 14?
66749
Convert -231404 (base 10) to base 16.
-387ec
Convert -12289341 (base 10) to base 12.
-4147a79
What is 2073544 (base 11) in base 13?
9aa61b
Convert -222303203131 (base 4) to base 9.
-23102544
1a1353 (base 11) to base 9
521140
Convert 3322202 (base 11) to base 3.
101222012021211
What is 31312120133 (base 4) in base 16?
37661f
What is 104983 (base 13) in base 8?
1351415
What is -1007666 (base 9) in base 6?
-15302310
211010320231 (base 4) to base 2
100101000100111000101101
What is -3480833 (base 9) in base 16?
-1cbe25
-802534 (base 11) to base 9
-2377805
What is 10011012011202 (base 3) in base 12?
68a478
-75228 (base 10) to base 6
-1340140
Convert -847911 (base 10) to base 3.
-1121002010010
8384b5 (base 12) to base 11
11922a6
Convert 332010030 (base 4) to base 12.
103150
-84015 (base 12) to base 13
-60878
Convert -dd75b (base 16) to base 4.
-3131131123
What is -27411610 (base 8) in base 15?
-81bba9
-13312404 (base 7) to base 2
-100101100010101110110
-22b78 (base 15) to base 5
-12014323
What is -16054 (base 7) in base 8?
-10622
What is 331443 (base 8) in base 10?
111395
What is -4c0cc (base 14) in base 12?
-90104
a1be1 (base 15) to base 8
1750467
Convert -4505316 (base 8) to base 2.
-100101000101011001110
-773309 (base 10) to base 5
-144221214
Convert d226 (base 16) to base 13.
1b644
Convert -201000110102 (base 3) to base 12.
-160748
What is -262375 (base 8) in base 3?
-11122100210
Convert -2234132 (base 6) to base 7.
-652256
Convert -43252113 (base 6) to base 3.
-2102010212200
What is 762675 (base 11) in base 6?
42042001
Convert 10403512 (base 6) to base 8.
1141104
341067 (base 14) to base 12
714357
What is -61354005 (base 8) in base 16?
-c5d80